{"id":7901,"date":"2023-10-30T09:54:27","date_gmt":"2023-10-30T08:54:27","guid":{"rendered":"https:\/\/it.sdu.dk\/?post_type=product&#038;p=7901"},"modified":"2024-06-13T10:24:06","modified_gmt":"2024-06-13T09:24:06","slug":"poly-voyager-2-4300-ms-headset-paa-oeret-mono-traadloest","status":"publish","type":"product","link":"https:\/\/it.sdu.dk\/?product=poly-voyager-2-4300-ms-headset-paa-oeret-mono-traadloest","title":{"rendered":"Poly Voyager 4310 &#8211; MS &#8211; Headset &#8211; p\u00e5 \u00f8ret &#8211;  Mono &#8211; Tr\u00e5dl\u00f8st med opladningsstander."},"content":{"rendered":"","protected":false},"excerpt":{"rendered":"","protected":false},"featured_media":7902,"template":"","meta":[],"product_brand":[],"product_cat":[29,118],"product_tag":[],"class_list":{"0":"post-7901","1":"product","2":"type-product","3":"status-publish","4":"has-post-thumbnail","6":"product_cat-com_tilbehoer","7":"product_cat-headsaet","9":"first","10":"instock","11":"shipping-taxable","12":"purchasable","13":"product-type-simple","14":"add-to-wishlist-after_add_to_cart"},"_links":{"self":[{"href":"https:\/\/it.sdu.dk\/index.php?rest_route=\/wp\/v2\/product\/7901","targetHints":{"allow":["GET"]}}],"collection":[{"href":"https:\/\/it.sdu.dk\/index.php?rest_route=\/wp\/v2\/product"}],"about":[{"href":"https:\/\/it.sdu.dk\/index.php?rest_route=\/wp\/v2\/types\/product"}],"wp:featuredmedia":[{"embeddable":true,"href":"https:\/\/it.sdu.dk\/index.php?rest_route=\/wp\/v2\/media\/7902"}],"wp:attachment":[{"href":"https:\/\/it.sdu.dk\/index.php?rest_route=%2Fwp%2Fv2%2Fmedia&parent=7901"}],"wp:term":[{"taxonomy":"product_brand","embeddable":true,"href":"https:\/\/it.sdu.dk\/index.php?rest_route=%2Fwp%2Fv2%2Fproduct_brand&post=7901"},{"taxonomy":"product_cat","embeddable":true,"href":"https:\/\/it.sdu.dk\/index.php?rest_route=%2Fwp%2Fv2%2Fproduct_cat&post=7901"},{"taxonomy":"product_tag","embeddable":true,"href":"https:\/\/it.sdu.dk\/index.php?rest_route=%2Fwp%2Fv2%2Fproduct_tag&post=7901"}],"curies":[{"name":"wp","href":"https:\/\/api.w.org\/{rel}","templated":true}]}}