{"id":568,"date":"2021-02-26T12:02:24","date_gmt":"2021-02-26T11:02:24","guid":{"rendered":"https:\/\/its2.sdu.dk\/?post_type=product&#038;p=568"},"modified":"2026-02-10T15:19:00","modified_gmt":"2026-02-10T14:19:00","slug":"magic_keyboard","status":"publish","type":"product","link":"https:\/\/it.sdu.dk\/?product=magic_keyboard","title":{"rendered":"Magic Keyboard"},"content":{"rendered":"","protected":false},"excerpt":{"rendered":"<p>Magic Keyboard kombinerer et elegant design med et indbygget genopladeligt batteri og avancerede funktionstaster.<\/p>\n<p><strong>OBS OBS tastatur med Touch knap virker KUN med de nye Mac med M processor OBS OBS<\/strong><\/p>\n<p>Det danner automatisk via Bluetooth par med din Mac, s\u00e5 du kan komme i gang med det samme<\/p>\n<p>Det indbyggede genopladelige batteri holder utroligt l\u00e6nge og giver tastaturet str\u00f8m nok til ca. en m\u00e5ned eller mere, inden du skal lade det op igen.<\/p>\n<p>\u00c6skens indhold<br \/>\nMagic Keyboard<br \/>\nUSB-C kabel til opladning<\/p>\n<p><a href=\"https:\/\/www.apple.com\/dk\/shop\/mac\/accessories\/mice-keyboards\">Se mere p\u00e5 Apple.dk<\/a><\/p>\n<p>&nbsp;<\/p>\n","protected":false},"featured_media":563,"template":"","meta":[],"product_brand":[],"product_cat":[22,29,84],"product_tag":[],"class_list":{"0":"post-568","1":"product","2":"type-product","3":"status-publish","4":"has-post-thumbnail","6":"product_cat-computer","7":"product_cat-com_tilbehoer","8":"product_cat-mac_tilbehoer","10":"first","11":"instock","12":"shipping-taxable","13":"purchasable","14":"product-type-variable","15":"add-to-wishlist-after_add_to_cart"},"_links":{"self":[{"href":"https:\/\/it.sdu.dk\/index.php?rest_route=\/wp\/v2\/product\/568","targetHints":{"allow":["GET"]}}],"collection":[{"href":"https:\/\/it.sdu.dk\/index.php?rest_route=\/wp\/v2\/product"}],"about":[{"href":"https:\/\/it.sdu.dk\/index.php?rest_route=\/wp\/v2\/types\/product"}],"wp:featuredmedia":[{"embeddable":true,"href":"https:\/\/it.sdu.dk\/index.php?rest_route=\/wp\/v2\/media\/563"}],"wp:attachment":[{"href":"https:\/\/it.sdu.dk\/index.php?rest_route=%2Fwp%2Fv2%2Fmedia&parent=568"}],"wp:term":[{"taxonomy":"product_brand","embeddable":true,"href":"https:\/\/it.sdu.dk\/index.php?rest_route=%2Fwp%2Fv2%2Fproduct_brand&post=568"},{"taxonomy":"product_cat","embeddable":true,"href":"https:\/\/it.sdu.dk\/index.php?rest_route=%2Fwp%2Fv2%2Fproduct_cat&post=568"},{"taxonomy":"product_tag","embeddable":true,"href":"https:\/\/it.sdu.dk\/index.php?rest_route=%2Fwp%2Fv2%2Fproduct_tag&post=568"}],"curies":[{"name":"wp","href":"https:\/\/api.w.org\/{rel}","templated":true}]}}