{"id":4121,"date":"2022-03-15T13:41:31","date_gmt":"2022-03-15T12:41:31","guid":{"rendered":"https:\/\/it.sdu.dk\/?post_type=product&#038;p=4121"},"modified":"2025-03-17T15:38:52","modified_gmt":"2025-03-17T14:38:52","slug":"macstudio","status":"publish","type":"product","link":"https:\/\/it.sdu.dk\/?product=macstudio","title":{"rendered":"Mac Studio"},"content":{"rendered":"","protected":false},"excerpt":{"rendered":"<p>Venligst beskriv \u00f8nsket konfiguration i &#8220;Bem\u00e6rkning til ordre&#8221; eller kontakt indk\u00f8ber for konfiguration da der er mange muligheder.<\/p>\n<p>Denne Mac er en Pro Mac som er lavet til Pro arbejde &#8211; den er alt for dyr at bruge til at skrive og surfe p\u00e5 &#8211; k\u00f8b i stedet en MacMini M1 med 16 GB hukommelse<\/p>\n<p><a href=\"https:\/\/it.sdu.dk\/index.php\/koebsvejledning-mprocessor\/\">Generel k\u00f8bs vejledning: Til Mac med \u00a0M, M Pro og Max processor er her<\/a><\/p>\n<ul>\n<li class=\"badge\">Mac Studio med M4 Max eller Ultra processor<\/li>\n<li>4 Year hardware warranty thru\u00a0SDU<\/li>\n<\/ul>\n<p><a href=\"https:\/\/www.apple.com\/dk\/mac-studio\/specs\/\">Please check Apple for complet specifications<\/a><br \/>\n<a href=\"https:\/\/www.apple.com\/dk\/mac\/compare\/?modelList=MacBookPro-13-M1,MacBook-Pro-14,MacBook-Pro-16-2021\">Compare different Mac models<\/a><\/p>\n<p>Standard SDU programs &#8211; like Office Programs, Acrobat, EndNote, SPSS, STATA, GraphPad Prism etc. have been tested and run fine on M2 Macs.<\/p>\n","protected":false},"featured_media":4130,"template":"","meta":[],"product_brand":[],"product_cat":[22,23],"product_tag":[],"class_list":{"0":"post-4121","1":"product","2":"type-product","3":"status-publish","4":"has-post-thumbnail","6":"product_cat-computer","7":"product_cat-mac","9":"first","10":"instock","11":"shipping-taxable","12":"purchasable","13":"product-type-simple","14":"add-to-wishlist-after_add_to_cart"},"_links":{"self":[{"href":"https:\/\/it.sdu.dk\/index.php?rest_route=\/wp\/v2\/product\/4121","targetHints":{"allow":["GET"]}}],"collection":[{"href":"https:\/\/it.sdu.dk\/index.php?rest_route=\/wp\/v2\/product"}],"about":[{"href":"https:\/\/it.sdu.dk\/index.php?rest_route=\/wp\/v2\/types\/product"}],"wp:featuredmedia":[{"embeddable":true,"href":"https:\/\/it.sdu.dk\/index.php?rest_route=\/wp\/v2\/media\/4130"}],"wp:attachment":[{"href":"https:\/\/it.sdu.dk\/index.php?rest_route=%2Fwp%2Fv2%2Fmedia&parent=4121"}],"wp:term":[{"taxonomy":"product_brand","embeddable":true,"href":"https:\/\/it.sdu.dk\/index.php?rest_route=%2Fwp%2Fv2%2Fproduct_brand&post=4121"},{"taxonomy":"product_cat","embeddable":true,"href":"https:\/\/it.sdu.dk\/index.php?rest_route=%2Fwp%2Fv2%2Fproduct_cat&post=4121"},{"taxonomy":"product_tag","embeddable":true,"href":"https:\/\/it.sdu.dk\/index.php?rest_route=%2Fwp%2Fv2%2Fproduct_tag&post=4121"}],"curies":[{"name":"wp","href":"https:\/\/api.w.org\/{rel}","templated":true}]}}