{"id":80,"date":"2021-01-28T05:48:07","date_gmt":"2021-01-28T05:48:07","guid":{"rendered":"https:\/\/its2.sdu.dk\/index.php\/wishlist\/"},"modified":"2025-08-25T09:25:25","modified_gmt":"2025-08-25T08:25:25","slug":"wishlist","status":"publish","type":"page","link":"https:\/\/it.sdu.dk\/?page_id=80","title":{"rendered":"Wishlist"},"content":{"rendered":"\n<p class=\"has-black-color has-vivid-red-background-color has-text-color has-background\"><strong>BEM\u00c6RK:<\/strong> Har du tilf\u00f8jet &#8220;Anmod om anden hardware&#8221; p\u00e5 \u00f8nskelisten vil dette ikke blive sendt med til sekret\u00e6ren. Du bedes derfor i en selvst\u00e6ndig mail, g\u00f8re opm\u00e6rksom p\u00e5, hvilke produkter du \u00f8nsker have med p\u00e5 listen, som ikke findes p\u00e5 webshoppen.<\/p>\n\n\n\n\n\n\n<form\n\tid=\"yith-wcwl-form\"\n\taction=\"https:\/\/it.sdu.dk\/?page_id=80\"\n\tmethod=\"post\"\n\tclass=\"woocommerce yith-wcwl-form wishlist-fragment\"\n\tdata-fragment-options=\"{&quot;per_page&quot;:5,&quot;current_page&quot;:1,&quot;pagination&quot;:&quot;no&quot;,&quot;wishlist_id&quot;:false,&quot;action_params&quot;:false,&quot;no_interactions&quot;:false,&quot;layout&quot;:&quot;&quot;,&quot;wishlist&quot;:false,&quot;is_default&quot;:true,&quot;is_custom_list&quot;:false,&quot;wishlist_token&quot;:&quot;&quot;,&quot;is_private&quot;:false,&quot;count&quot;:0,&quot;page_title&quot;:&quot;Min \\u00f8nskeliste&quot;,&quot;default_wishlsit_title&quot;:&quot;Min \\u00f8nskeliste&quot;,&quot;page_links&quot;:false,&quot;is_user_logged_in&quot;:false,&quot;is_user_owner&quot;:true,&quot;can_user_edit_title&quot;:false,&quot;show_price&quot;:true,&quot;show_dateadded&quot;:false,&quot;show_stock_status&quot;:false,&quot;show_add_to_cart&quot;:true,&quot;show_remove_product&quot;:true,&quot;add_to_cart_text&quot;:&quot;Tilf\\u00f8j til kurv&quot;,&quot;show_ask_estimate_button&quot;:false,&quot;ask_estimate_url&quot;:false,&quot;price_excl_tax&quot;:true,&quot;show_cb&quot;:true,&quot;show_quantity&quot;:false,&quot;show_variation&quot;:true,&quot;show_price_variations&quot;:false,&quot;show_update&quot;:false,&quot;enable_drag_n_drop&quot;:false,&quot;enable_add_all_to_cart&quot;:false,&quot;move_to_another_wishlist&quot;:false,&quot;repeat_remove_button&quot;:true,&quot;show_last_column&quot;:true,&quot;heading_icon&quot;:&quot;&lt;svg id=\\&quot;yith-wcwl-icon-heart-outline\\&quot; class=\\&quot;yith-wcwl-icon-svg\\&quot; fill=\\&quot;none\\&quot; stroke-width=\\&quot;1.5\\&quot; stroke=\\&quot;currentColor\\&quot; viewBox=\\&quot;0 0 24 24\\&quot; xmlns=\\&quot;http:\\\/\\\/www.w3.org\\\/2000\\\/svg\\&quot;&gt;\\n  &lt;path stroke-linecap=\\&quot;round\\&quot; stroke-linejoin=\\&quot;round\\&quot; d=\\&quot;M21 8.25c0-2.485-2.099-4.5-4.688-4.5-1.935 0-3.597 1.126-4.312 2.733-.715-1.607-2.377-2.733-4.313-2.733C5.1 3.75 3 5.765 3 8.25c0 7.22 9 12 9 12s9-4.78 9-12Z\\&quot;&gt;&lt;\\\/path&gt;\\n&lt;\\\/svg&gt;&quot;,&quot;share_enabled&quot;:false,&quot;template_part&quot;:&quot;view&quot;,&quot;additional_info&quot;:false,&quot;available_multi_wishlist&quot;:false,&quot;form_action&quot;:&quot;https:\\\/\\\/it.sdu.dk\\\/?page_id=80&quot;,&quot;ask_an_estimate_classes&quot;:&quot;&quot;,&quot;ask_an_estimate_icon&quot;:&quot;&quot;,&quot;ask_an_estimate_text&quot;:&quot;&quot;,&quot;additional_info_label&quot;:&quot;Additional notes&quot;,&quot;move_to_another_wishlist_type&quot;:&quot;popup&quot;,&quot;move_to_another_wishlist_url&quot;:false,&quot;item&quot;:&quot;wishlist&quot;}\"\n>\n\n\t<!-- TITLE -->\n\t\t\t<div class=\"wishlist-title-container\">\n\t\t\t<div class=\"wishlist-title \">\n\t\t\t\t<h2>Min \u00f8nskeliste<\/h2>\t\t\t\t\t\t\t<\/div>\n\t\t\t\t\t<\/div>\n\t\n\n<!-- WISHLIST TABLE -->\n<table\n\tclass=\"shop_table cart wishlist_table wishlist_view traditional responsive   \"\n\tdata-pagination=\"no\" data-per-page=\"5\" data-page=\"1\"\n\tdata-id=\"\" data-token=\"\">\n\n\t\n\t<thead>\n\t<tr>\n\t\t\t\t\t\t\t\t<th class=\"product-checkbox\">\n\t\t\t\t<input type=\"checkbox\" value=\"\" name=\"\" id=\"bulk_add_to_cart\"\/>\n\t\t\t<\/th>\n\t\t\n\t\t\t\t\t\t\t\t<th class=\"product-remove\">\n\t\t\t\t<span class=\"nobr\">\n\t\t\t\t\t\t\t\t\t<\/span>\n\t\t\t<\/th>\n\t\t\n\t\t<th class=\"product-thumbnail\"><\/th>\n\n\t\t<th class=\"product-name\">\n\t\t\t<span class=\"nobr\">\n\t\t\t\tProduct name\t\t\t<\/span>\n\t\t<\/th>\n\n\t\t\t\t\t\t\t\t<th class=\"product-price\">\n\t\t\t\t<span class=\"nobr\">\n\t\t\t\t\tUnit price\t\t\t\t<\/span>\n\t\t\t<\/th>\n\t\t\n\t\t\n\t\t\n\t\t\t\t\t\t\t\t<th class=\"product-add-to-cart\">\n\t\t\t\t<span class=\"nobr\">\n\t\t\t\t\t\t\t\t\t<\/span>\n\t\t\t<\/th>\n\t\t\n\t\t\t<\/tr>\n\t<\/thead>\n\n\t<tbody class=\"wishlist-items-wrapper\">\n\t\t\t<tr>\n\t\t\t\t\t\t<td colspan=\"6\" class=\"wishlist-empty\">No products added to the wishlist<\/td>\n\t\t<\/tr>\n\t\t\t<\/tbody>\n\n<\/table>\n\n<div class=\"yith_wcwl_wishlist_footer\">\n\t\n\n\t\n\n\t\n\t<\/div>\n\n<input type=\"hidden\" id=\"yith_wcwl_edit_wishlist\" name=\"yith_wcwl_edit_wishlist\" value=\"0ff1dbbe7c\" \/><input type=\"hidden\" name=\"_wp_http_referer\" value=\"\/index.php?rest_route=%2Fwp%2Fv2%2Fpages%2F80\" \/><input type=\"hidden\" value=\"\" name=\"wishlist_id\" id=\"wishlist_id\">\n\n\n<\/form>\n\n\n\n<div class=\"wishlist-page-links\"><a href=\"https:\/\/it.sdu.dk\/?page_id=80&#038;wishlist-action\" class=\"view \" title=\"View your wishlists\">Your wishlist<\/a> <span class=\"wishlist-page-links-separator\">|<\/span> <a href=\"https:\/\/it.sdu.dk\/?page_id=80&#038;wishlist-action=search\" class=\"search \" title=\"Search wishlist\">Search wishlist<\/a><\/div>\n\n\n\n<p><\/p>\n","protected":false},"excerpt":{"rendered":"<p>BEM\u00c6RK: Har du tilf\u00f8jet &#8220;Anmod om anden hardware&#8221; p\u00e5 \u00f8nskelisten vil dette ikke blive sendt med til sekret\u00e6ren. Du bedes derfor i en selvst\u00e6ndig mail, g\u00f8re opm\u00e6rksom p\u00e5, hvilke produkter du \u00f8nsker have med p\u00e5 listen, som ikke findes p\u00e5 webshoppen.<\/p>\n","protected":false},"author":1,"featured_media":0,"parent":0,"menu_order":0,"comment_status":"closed","ping_status":"closed","template":"","meta":{"footnotes":""},"class_list":["post-80","page","type-page","status-publish","hentry"],"_links":{"self":[{"href":"https:\/\/it.sdu.dk\/index.php?rest_route=\/wp\/v2\/pages\/80","targetHints":{"allow":["GET"]}}],"collection":[{"href":"https:\/\/it.sdu.dk\/index.php?rest_route=\/wp\/v2\/pages"}],"about":[{"href":"https:\/\/it.sdu.dk\/index.php?rest_route=\/wp\/v2\/types\/page"}],"author":[{"embeddable":true,"href":"https:\/\/it.sdu.dk\/index.php?rest_route=\/wp\/v2\/users\/1"}],"replies":[{"embeddable":true,"href":"https:\/\/it.sdu.dk\/index.php?rest_route=%2Fwp%2Fv2%2Fcomments&post=80"}],"version-history":[{"count":2,"href":"https:\/\/it.sdu.dk\/index.php?rest_route=\/wp\/v2\/pages\/80\/revisions"}],"predecessor-version":[{"id":2521,"href":"https:\/\/it.sdu.dk\/index.php?rest_route=\/wp\/v2\/pages\/80\/revisions\/2521"}],"wp:attachment":[{"href":"https:\/\/it.sdu.dk\/index.php?rest_route=%2Fwp%2Fv2%2Fmedia&parent=80"}],"curies":[{"name":"wp","href":"https:\/\/api.w.org\/{rel}","templated":true}]}}